. Suppose -14 = -5*d + j. Suppose -m - d*m = l - 220, m = -5*l + 74. List the prime factors of m.
2, 3
Let a = 25 - -10. Suppose -2*z + a = -25. What are the prime factors of z?
2, 3, 5
Suppose -f - 2 = -2*f. Suppose -5*l + f*y + 83 = 0, -53 - 6 = -5*l - 4*y. List the prime factors of l.
3, 5
Let f = 2988 - -1680. List the prime factors of f.
2, 3, 389
Let g(a) = 2 - 2 + 0 + a - 1. What are the prime factors of g(9)?
2
Suppose 425 = 3*d - 3*c - 472, -12 = -3*c. What are the prime factors of d?
3, 101
Let q(s) = -171*s + 39. What are the prime factors of q(-10)?
3, 11, 53
Let t(x) be the second derivative of -x**5/20 - x**4/4 - x**3/6 + x**2/2 - 29*x. Let j(s) = 2*s + 1. Let w be j(-2). List the prime factors of t(w).
2
Let v(z) = 5*z**2 - 3*z + 2. Let a(o) = -4*o - 2*o - 2*o**2 + 1 + 6*o**2 + 3*o. Let g(c) = 4*a(c) - 3*v(c). What are the prime factors of g(-2)?
2
Let f be -4 + 0 + 3 - -10. Suppose 0 = 13*i - f*i - 404. List the prime factors of i.
101
Let l(g) = g**3 - 3*g**2 - 6*g + 10. Let k be l(4). Suppose 170 = b + 4*w, -12 - 378 = -2*b + k*w. List the prime factors of b.
2, 5, 19
Let a be (-12)/(-12) - -2*1. Suppose a*v = 24 + 24. What are the prime factors of v?
2
Suppose -3*f - 3*w + 10 = -f, -3*f + 15 = -w. Suppose f*c - 5*j = -4*j + 273, 5*c + 4*j - 283 = 0. What are the prime factors of c?
5, 11
Let h(u) = -31*u - 2. Let z be (-3)/(-1)*(-16)/24. Let k be h(z). Suppose k = 5*g - g. List the prime factors of g.
3, 5
Let l = -535 + 2396. List the prime factors of l.
1861
Let c(a) = a**2 + 27*a + 116. Let p be c(-21). Suppose y + y = 5*v + 40, 2*y = -5*v - 40. List the prime factors of (v/p)/((-4)/(-70)).
2, 7
Suppose -57*m = -52*m - 1845. Suppose -2*q + 0*q + 152 = -4*v, v - m = -5*q. List the prime factors of q.
2, 37
Let q(d) = -16*d + 93. List the prime factors of q(-25).
17, 29
Suppose 420 = 5*x + 4*c, x + 5*c + 55 = 2*x. Suppose -4*n - s = -328, -3 + x = n - s. What are the prime factors of n?
3
List the prime factors of 18740*-8*8/(-256) + 1.
2, 3, 11, 71
Let k be (-353)/(-1) + -3 + 2 + 0. Suppose 4*p = 3*q + 349, 4*q = -p + 5*p - k. What are the prime factors of p?
5, 17
Let c be -2*(-9)/(-6)*-1. Suppose c*x + l = -0*x + 160, x + 5*l - 44 = 0. What are the prime factors of x?
2, 3
Let y be (1 - 7) + 3 - 2. Let s be (-3)/6*2*y. Suppose -s*q = 4*h, -h - 3*q + 2*q + 1 = 0. What are the prime factors of h?
5
What are the prime factors of (-32481)/(-10) + (-100)/1000?
2, 7, 29
Let k be (-12)/(-3) + (2 - -3). Suppose -4 = -t - 1. Suppose t*z = -c + k, z = -4*c - 0*z + 80. List the prime factors of c.
3, 7
Let c be (-106)/(-6) - 8/(-24). Suppose c*m - 13*m = 185. List the prime factors of (-4)/2 + m - 1.
2, 17
Let t(w) = w. Let y(j) = j + 16. Let c(v) = -2*t(v) + y(v). Let o be c(13). List the prime factors of (o/2)/((-1)/(-26)).
3, 13
Suppose -2*n = -3*b + n, 0 = b + 2*n + 9. Let a = b + 19. Suppose g + 0 = 2*j + a, 5*j - 15 = 0. What are the prime factors of g?
2, 11
Let d = 9 - 3. Suppose 2*c + 564 = d*c. What are the prime factors of c?
3, 47
Let m(g) = g**3 - 11*g**2 - 17*g - 2. Let h = -102 + 115. What are the prime factors of m(h)?
5, 23
Let q(b) = 187*b - 51. List the prime factors of q(8).
5, 17
Suppose -5*s + 3*q = -2*q - 1170, q - 1152 = -5*s. Suppose 5*g + l - s = g, -2*g + 5*l = -143. List the prime factors of g.
59
Suppose 4*a = -4*d - 12, 2*a - 2*d - 3*d + 13 = 0. Let f be (-5)/20 + 35/a. Let v = 10 - f. List the prime factors of v.
19
Let k = -67 + 406. List the prime factors of k.
3, 113
Suppose 3*p - 293 = 4*c - 3433, 0 = c + 5*p - 808. What are the prime factors of c?
2, 197
Let p(l) = -8 - 2*l + l**2 + 4*l - 5*l + 2*l**2. Let r be p(5). Let j = 103 - r. List the prime factors of j.
3, 17
Suppose 20*s - 5*s = 7830. What are the prime factors of s?
2, 3, 29
Let j be -3 + (2*(0 + 1) - 5). List the prime factors of 1*103 - (3 + j).
2, 53
Let y be (-2)/(-11) - (-501)/(-33). Let q = y - -41. What are the prime factors of q?
2, 13
Suppose 3 = -u - 2*u. Let y = u + 80. What are the prime factors of y?
79
Let c = -68 + 66. Let d(r) = -r**2 + 9*r - 8. Let s be d(6). Let o = s - c. What are the prime factors of o?
2, 3
Let p(y) be the third derivative of y**4/3 + y**3/3 - 15*y**2. List the prime factors of p(11).
2, 3, 5
Suppose 0*o - 5*o = 25, 5*o + 160 = 5*u. Suppose u = -2*f + 5*f. What are the prime factors of f?
3
Let u = -161 - -45. Let m = u + 57. Let l = -35 - m. What are the prime factors of l?
2, 3
Let d = -116 - -218. Suppose 6*a + d = 666. List the prime factors of a.
2, 47
Let g(l) = l**3 + l**2 - 4*l. Let f be g(6). Suppose 0 = -3*w + 7*w - f. What are the prime factors of w?
3, 19
Let p(d) = d**3 + 13*d**2 + 12*d - 47. What are the prime factors of p(-9)?
13
Let i(w) = w**2 - 3*w - 34. List the prime factors of i(12).
2, 37
Suppose 2*r + 76 = 76. Suppose -2*k - 4*a + 200 = r, 3*k - 3*a + 113 - 386 = 0. What are the prime factors of k?
2, 47
Suppose 3*o - 80 - 58 = 0. Let n(r) = -r**2 - 27*r - 45. Let g be n(-2). Suppose -g*s = -y - o, -2*y - y - 28 = -4*s. List the prime factors of s.
2, 5
List the prime factors of 620 + 4/20*5.
3, 23
Let r = -71 + 670. What are the prime factors of r?
599
Let l(y) = -y - 3. Let w be l(-5). What are the prime factors of (2 - 3) + (34 - w)?
31
Suppose 1304 + 3753 = 2*k + 5*r, 5*k - r = 12602. List the prime factors of k.
2521
Let h be 2/(2/(-3) + 8/(-6)). Let g(j) = -26*j - 4. List the prime factors of g(h).
2, 11
Let i = 445 + -374. List the prime factors of i.
71
Let m = 212 + -66. Suppose -4*g - m = -2*r, -r - 3*r + g = -306. Suppose -5*q = 3*f - r, -2*f + 0*q + 58 = 5*q. List the prime factors of f.
19
Suppose -2*o - o + 12 = 0. Suppose -35 = -o*s + 1. What are the prime factors of (s/(-3))/(6/(-8))?
2
Let i = 78 - -561. What are the prime factors of i?
3, 71
Suppose -h + 12 = 10. Suppose -1 = -h*p + 35. What are the prime factors of p?
2, 3
Suppose 3*l - 7*l = 136. Let x = 29 + l. Let p(n) = -n**3 - 3*n**2 + 2*n - 4. List the prime factors of p(x).
2, 3
Let v be (12/(-10) + 0)/(3/(-10)). List the prime factors of (-2)/v*-284 - 2.
2, 5, 7
Let s(m) = 104*m - 33. What are the prime factors of s(6)?
3, 197
Suppose 0 = 2*t + 3*u - 14, -t - 3*u - 10 = -5*t. List the prime factors of t + (72/(-30))/((-1)/20).
2, 13
Let q(s) = 4*s**2 - 38*s - 3. What are the prime factors of q(21)?
3, 107
Suppose -3 = 3*q - 354. Suppose 6*y = -27 + q. What are the prime factors of y?
3, 5
Suppose -4*m = 2*z - 8, 0*m - 3*z = -m + 16. Let b(w) = -2*w + 5. Let p be b(m). Let d = p + 12. What are the prime factors of d?
3
Let n be ((-4)/(-6) + (-140)/21)*-43. Let l = n - 112. List the prime factors of l.
2, 73
Let q be 1/(-2) + 172/8. Let c = -19 + q. Suppose c*m = -0*m + 2*w + 44, -4*m + 88 = 5*w. List the prime factors of m.
2, 11
What are the prime factors of (2461/69)/(-1*(-1)/15)?
5, 107
Let p be 6 - 7 - (-7 - -2). Suppose 5*b + 3029 = -2*j, 3*j + 4*b - 1495 = p*j. What are the prime factors of (-1)/4 - j/44?
2, 17
Let u(o) = 9*o**2 + 2*o + 5. Let z(d) = -d**3 + 4*d**2 - 3*d + 3. Let x be z(3). List the prime factors of u(x).
2, 23
Let l(g) = 2*g**2 - g**2 - 4 + g**2 + 0*g**2 - 3*g. List the prime factors of l(5).
31
Let t(w) = -2*w**3 - 2*w - 1. Suppose -4*i - 5 = i. Let h be t(i). Suppose 4*k - 30 = h*k. List the prime factors of k.
2, 3, 5
Let f(x) = -x**3 + 3*x**2 + 20*x - 8. Let b be f(6). List the prime factors of b/10 - 5/(150/(-1908)).
2
Let o = 166 - 233. Let f = o + -37. Let l = f - -148. List the prime factors of l.
2, 11
Suppose 0 = -4*l + l + 5*w + 3175, -3*w = -12. Suppose 0*y - 15*y = -l. List the prime factors of y.
71
Let x = -294 - -1098. Suppose -4*o + m + x = -70, 2*o - 5*m - 446 = 0. List the prime factors of o.
2, 109
Suppose 78*b = 84*b - 10356. List the prime factors of b.
2, 863
Suppose 0 = -31*x + 12334 + 11133. List the prime factors of x.
757
Let w = 540 - -3859. What are the prime factors of w?
53, 83
Let v = 1432 + -970. List the prime factors of v.
2, 3, 7, 11
Suppose -26*m + 21*m + 10 = 0. List the prime factors of ((-4)/m)/((-42)/3171).
151
List the prime factors of 100/40*948/15.
2, 79
Let d = 1 + -1. Suppose u + 3 = -3*p + 2*p, d = 5*u. What are the prime factors of (-23)/p + 5/15?
2
Suppose -l - r - r - 9 = 0, 5*l + 5*r + 25 = 0. List the prime factors of (2